irst derivative of -h**4/4 + 7*h**3/3 - 3*h**2 - 20. List the prime factors of y(5).
2, 5
Let s(z) = 5*z - 25. Let f be s(6). Suppose -j + 3*j = v - 15, -f*j = 4*v - 73. What are the prime factors of v?
17
Let s be (3 - (-3)/(-1)) + (-3)/(-1). Suppose 3*q = -2 + 8, -s*o + q = -820. What are the prime factors of o?
2, 137
Suppose -5*n = -14 - 46. Suppose -n = 2*g + 104. Let x = -31 - g. What are the prime factors of x?
3
List the prime factors of 387/86*(172 + -2).
3, 5, 17
Suppose 12*d + 454 = a + 7*d, d - 963 = -2*a. Let k = 673 - a. List the prime factors of k.
2, 97
Let r(a) = -a**3 + 8*a**2 + 7*a - 7. Let s(c) = 1. Let h(v) = r(v) + 2*s(v). Let j be h(9). Let b = -21 - j. What are the prime factors of b?
2
Suppose -2*l - 9 = -113. Let m = l + 45. List the prime factors of m.
97
Let p(b) = -8*b + 83. What are the prime factors of p(0)?
83
Let g = 169 - 99. Suppose -3*i = -f + g, 298 = 5*f - i - 80. List the prime factors of f.
2, 19
Let j(r) = -r - 4. Let x be j(2). List the prime factors of -6*(194/x - -1).
2, 47
List the prime factors of -5 + 483 + (-5 - 4)/3.
5, 19
Suppose -990 = -10*w + 490. List the prime factors of w.
2, 37
Let z(w) = 4*w - 21. Let g(f) = f - 4. Let r(n) = -11*g(n) + 2*z(n). Let s be r(2). Let u(k) = -k**3 - 4*k**2 - k + 1. List the prime factors of u(s).
5
Let t be 0/((-1 - 3) + 2). Suppose 0 = -2*d + 4*c + 133 + 1, t = -3*d + 4*c + 197. What are the prime factors of d?
3, 7
Suppose 5*n = 2*j - 261, 0 = 3*n + 4*j + 139 + 28. Let w = n + 117. List the prime factors of w.
2
Suppose 2*p + 37 = 159. Suppose 8*r - 4*r = 0. Suppose r = 4*q + 5*d - 47, -q + 6*q + 4*d = p. List the prime factors of q.
13
Let u be (-176)/(-40) - (-4)/(-10). List the prime factors of 3/u*(121 + -1).
2, 3, 5
Let u = 15 + -11. Let o(i) be the first derivative of 11*i**2/2 + 11*i - 326. List the prime factors of o(u).
5, 11
Suppose -4*q + 11*q - 2555 = 0. List the prime factors of q.
5, 73
Let n(z) be the second derivative of z**4/12 - 13*z**3/6 - 13*z**2/2 + 9*z. What are the prime factors of n(16)?
5, 7
Suppose 15 = 6*s - s. Suppose -p = -3*d + 312, 3*p + 155 + 157 = s*d. What are the prime factors of d?
2, 13
Let n = 34 + -32. Let m(k) = -10 - 9 - n*k + 5*k - k. What are the prime factors of m(13)?
7
Suppose -13*y + 98169 = 30*y. What are the prime factors of y?
3, 761
Suppose 2 = k - 1. Let a be 1 + 3*(-1)/k. Let y = a + 4. List the prime factors of y.
2
Suppose -4*f - 2*l - 98 = 0, -l + 2*l = 3*f + 86. Let d = 30 + f. Suppose 0*v + 5*v = -3*p + 181, -p - d = 0. List the prime factors of v.
2, 19
Let n(f) = -f**2 - 4*f - 6. Let m(i) = 2*i**2 + 5*i + 6. Let a(b) = 4*m(b) + 5*n(b). What are the prime factors of a(-3)?
3, 7
Suppose -3*v + 2562 = 5*n, -2*n + 0*v - 3*v + 1032 = 0. What are the prime factors of n?
2, 3, 5, 17
Let x(n) = -8*n**2 + 10. Let h(q) = -7*q**2 - q + 9. Let v(l) = -6*h(l) + 5*x(l). What are the prime factors of v(-5)?
2
Let h(a) = a**2 + 8*a - 8. Let l = -28 - -10. Let n = l - -7. What are the prime factors of h(n)?
5
Let t(a) = -7*a - 63. List the prime factors of t(-31).
2, 7, 11
Suppose t - 1 = 0, 0 = -2*o - t + 10874 - 2095. What are the prime factors of o?
3, 7, 11, 19
Let c(r) = -3*r**3 + 11*r**2 - 5*r - 7. List the prime factors of c(-7).
2, 3, 7, 19
Let u(i) = -10 + 10*i**2 - 130*i - 5 + 122*i + i**3. What are the prime factors of u(-5)?
2, 3, 5
Let r(z) = 3*z + 36. Let d be r(21). Suppose -i + d = -2*f, i - f - 504 = -4*i. List the prime factors of i.
101
Let u = -7 + -9. Let w = -12 - u. List the prime factors of w.
2
Suppose 11*n = 12 + 780. What are the prime factors of n?
2, 3
Let g be (42/(-15))/(3/(-15)). Let v be (-2 - -4) + (0 - 1). List the prime factors of (g + v)*(-9)/(-5).
3
Suppose -11753 = -19*s + 7266. List the prime factors of s.
7, 11, 13
Let c(d) = 11*d - 2*d + 2*d**2 - 11 - 3*d. List the prime factors of c(-7).
3, 5
Suppose -249 = -2*d - u + 4*u, d - 122 = u. Let w = d - 99. What are the prime factors of w?
2, 3
Suppose 178 = 3*i - 1061. What are the prime factors of i?
7, 59
Let d = -3 - 0. Let t = 3 - d. Suppose 3*w + 5*l - 25 = -2*w, -t = 3*l. What are the prime factors of w?
7
Let h be (-7 - -10) + (6 - 2). Suppose 549 + 515 = h*t. List the prime factors of t.
2, 19
Let c(q) be the third derivative of -q**6/120 - 7*q**5/60 + 13*q**4/24 + 11*q**3/3 + 2*q**2. What are the prime factors of c(-10)?
2, 3
Let i = 30 - 33. List the prime factors of 13 + i*(-2)/(-6).
2, 3
Suppose 4*n - 544 = 8*l - 6*l, l = -2*n + 280. Suppose -2*d + 261 = -5*c, d = c + 3*c + n. What are the prime factors of d?
2, 59
Let p(o) = 44*o + 3. Let v be p(2). Suppose 326 = 5*s + v. List the prime factors of s.
47
Let z be (8/20)/(1/55). Suppose 0 = 21*w - z*w + 76. List the prime factors of w.
2, 19
Let m = 1232 + -618. List the prime factors of m.
2, 307
Let u(h) = -h**3 + 5*h + 5. Let d be u(-2). Suppose d*s - 54 = 3. List the prime factors of s.
19
Let o(f) = 4*f**2 - f - 2. Let q be o(-1). Let u(m) = 2*m**3 - 4*m**2 + 2*m + 6. List the prime factors of u(q).
2, 3, 5
Let a(r) = 2*r - 5. Let s be a(5). Let k(g) = -2*g + 0*g**2 - 5 - 2*g**2 - 11*g - 6*g + g**3 + 14*g. What are the prime factors of k(s)?
3, 5
Suppose 0 = -2*u + 67 - 17. Suppose i = 1 + 1. Suppose -3*r + i*r = -u. What are the prime factors of r?
5
Suppose -58*o + o = -256500. What are the prime factors of o?
2, 3, 5
Let f(y) be the first derivative of y**3/3 + 15*y**2/2 + 17*y - 8. List the prime factors of f(-20).
3, 13
Suppose 5*c - 64 - 6 = 0. Let h = c + -9. Suppose 5*z - h*x + x = 154, 2*z - x - 61 = 0. List the prime factors of z.
2, 3, 5
Suppose -580 = 19*s - 24*s. List the prime factors of s.
2, 29
Let r be (0 - -27)*8/6. Let v = r + -26. Suppose 2*n = -n, n = -g + v. What are the prime factors of g?
2, 5
Let q(i) = -459*i + 871. List the prime factors of q(-6).
5, 29
Let d(o) = -2*o**3 + 35*o**2 + 7*o - 66. List the prime factors of d(14).
2, 3, 13
Let j(u) = 13*u**2 - u. Let z be j(-2). Suppose m - z = 5*x, -4*x = -4*m - 2*x + 234. What are the prime factors of m?
59
Let c(v) = -v**2. Let f(t) = -2 + 3*t**2 - 2 - t + 0 + 7. Let q(l) = -4*c(l) - f(l). List the prime factors of q(-3).
3
Suppose 0*u - 25 = -5*u. Let z = u - 0. Suppose 8 = 2*f - w, 3*f - z*w - 16 = -f. List the prime factors of f.
2
Suppose -14*c + 12491 + 3455 = 0. What are the prime factors of c?
17, 67
Let o(m) = -14*m + 1. Suppose k + 0*f = -5*f + 12, -k - f = 0. What are the prime factors of o(k)?
43
Let h = 0 + 2. Let t be h*2/(20/15). Suppose -u - 2*q + 51 = 0, t*u + 0*u - 5*q = 131. What are the prime factors of u?
47
Let u be (0 + 13/4)*68. Let z = u - 108. Let b = z - 75. List the prime factors of b.
2, 19
Suppose 8*w - 624 = 3592. What are the prime factors of w?
17, 31
Suppose -s - 18 = -4*k - 7, 0 = 2*s - k + 29. What are the prime factors of (6 + -9)/(1/s)?
3, 5
Let p(i) = i**3 - 7*i**2 - 8*i + 2. Let q be p(8). List the prime factors of (-6)/3*q + 211.
3, 23
Let c(k) = k**2 - 2*k + 2. Let r = -11 - -17. Let v be c(r). Let z = 37 - v. List the prime factors of z.
11
What are the prime factors of 50427/63 + (-3)/7?
2, 5
Suppose 0 = -4*v - 363 + 1159. List the prime factors of v.
199
Let j(g) = 0 + 15*g - 22*g + g**2 + 5 + 1. Let q be j(6). Suppose 5*w - 3*w - 67 = -5*v, 2*w - v - 73 = q. What are the prime factors of w?
2, 3
Suppose -9*g + 126 = -6*g. Let z = 84 - g. What are the prime factors of z?
2, 3, 7
Let x(c) = -11*c - 1. Let b(i) = 33*i + 3. Let a(z) = -6*b(z) - 17*x(z). Let p(k) = -54*k - 5. Let n(s) = 11*a(s) - 2*p(s). What are the prime factors of n(-1)?
2, 3
List the prime factors of (1*-1)/(-1 + 561/564).
2, 47
Suppose 3*l - 147 = 177. Suppose 5*t + 2*w = 165, 2*w + 6 + l = 4*t. What are the prime factors of t?
31
Suppose 3*a - 2*a - 31 = -5*s, 4 = 4*s. What are the prime factors of a?
2, 13
Let x = -6 + 14. Let t(s) = -s**2 + 14*s - 5. What are the prime factors of t(x)?
43
Suppose 57*w = -16*w + 16425. What are the prime factors of w?
3, 5
What are the prime factors of 3 + -6 - (-2571)/3?
2, 7, 61
Suppose 11*t - 16*t + 465 = 0. List the prime factors of t.
3, 31
Let b = 8 - 6. Let g be b - (5 + -3)/(-2). Suppose -g*u - 16 = -121. What are the prime factors of u?
5, 7
Let u(y) = y**2 + 4*y - 8. Let j be u(-7). Suppose -11*w = -j*w + 40. What are the prim